emainder when h is divided by 7.
4
Suppose -2*g + 3*j - 183 = 0, -3*g - 5*j - 158 - 164 = 0. Let p = 116 + g. What is the remainder when 101 is divided by p?
16
Suppose n = -4*t + 56, 3*t + 9 = 6. Suppose -63 = -0*g - 3*g. What is the remainder when n is divided by g?
18
Suppose 4*f = 3*q - 2*q + 398, q - 2 = 0. Suppose -3*b = b - f. Calculate the remainder when 98 is divided by b.
23
Suppose -3*r + 9 = -2*r. Let y = -6 - -36. Let j = -25 + y. What is the remainder when r is divided by j?
4
Suppose 0 = -o + 7 - 3. Suppose 0 = 4*f - 2*g + g - 104, -o*g = -f + 41. Calculate the remainder when f is divided by 13.
12
Suppose -4 = -z, 4*w + 5*z - 162 = 58. What is the remainder when 113 is divided by w?
13
Let t = 52 + -30. Let x be (85/15)/((-2)/(-6)). What is the remainder when (-35)/(-10)*(x + 1) is divided by t?
19
Let h = -6 + 70. Calculate the remainder when h is divided by 59.
5
Suppose -12*q + 36 = -0. Suppose -4*c = a - 75, q*c - 5*a - 15 = 24. What is the remainder when 52 is divided by c?
16
Let l(q) = 14*q**3 + 2*q**2 + q. Let n be l(-1). Let o = n - -29. What is the remainder when 29 is divided by o?
13
Let m(u) = -2*u - 10. Let r be 9/6*12/(-3). What is the remainder when (-63)/r - 2/4 is divided by m(-8)?
4
Let t = 353 + -335. Suppose -5*j = -0*j - 260. What is the remainder when j is divided by t?
16
Suppose -341*f + 324*f + 663 = 0. Let c(t) = 11*t - 2. Let p = -5 - -7. Calculate the remainder when f is divided by c(p).
19
Let z = 3 + 9. Suppose -12*a + 17*a - 750 = 0. Suppose 14 - a = -4*k. Calculate the remainder when k is divided by z.
10
Let k(s) = 12*s + 2. Let z(a) = -a**3 + 17*a**2 + 19*a - 10. Let j be z(18). What is the remainder when k(j) is divided by 20?
18
Suppose 591 - 545 = i. Calculate the remainder when i is divided by 11.
2
Suppose -3*n + n - 5*v - 3 = 0, -2*n = -5*v - 7. Let r be (-3 + 2 + 1)/n. Suppose -s + 3 + 6 = r. Calculate the remainder when 43 is divided by s.
7
Let u(n) = n**2 - 6*n - 5. Let q be u(8). Suppose -4*a + 41 + 5 = -5*t, -a + q = -t. Calculate the remainder when a is divided by 4.
1
Suppose z = -2*m - 29 + 76, 0 = 3*z + 3*m - 144. Calculate the remainder when z is divided by 14.
7
Let p = -109 - -116. Suppose -p*m + 207 = -6*m. What is the remainder when m is divided by 30?
27
Let b(g) = 5*g - 34. Let s(i) = -i**3 + 7*i**2 - 7*i + 4. Let a be s(4). Calculate the remainder when b(a) is divided by 18.
14
Let g = 995 - 958. What is the remainder when g is divided by 6?
1
Suppose 2*r - 1040 = -4*b, -4*b = -2*r + 292 - 1340. What is the remainder when b is divided by 22?
19
Suppose -i + 5*u - 5 = 0, 0 = 4*u - 6 - 2. Suppose 2*t + i*m - 55 = 0, 3*t + 0*t - 96 = -3*m. Calculate the remainder when t is divided by 20.
15
Let u = -17 - -18. Let h be 18 - (1 - u) - 1. Suppose 0 = 2*p + 4*o - 28, 2*p = -0*p + 5*o - h. What is the remainder when 19 is divided by p?
3
Let y = -1043 + 1403. Calculate the remainder when y is divided by 23.
15
Let t(m) = -m**2 - 38*m + 32. What is the remainder when t(-13) is divided by 41?
29
Let i = -90 + 45. Let s = i - -47. What is the remainder when 7 is divided by s?
1
Suppose -9*l + 4*l = -390. Let t = -6088 - -6116. What is the remainder when l is divided by t?
22
Calculate the remainder when 184 is divided by (18/16)/(44/1056).
22
Suppose -u + 2 = -3. What is the remainder when u is divided by 1/(-2) - 5/(-2)?
1
Suppose w + 17 = -w + 5*t, -4*w - 89 = t. What is the remainder when (2/((-4)/22))/(w/21) is divided by 4?
3
Let u(m) = 9*m - 364. What is the remainder when u(43) is divided by 14?
9
Let h = 2 - 77. Let d = h - -113. What is the remainder when 151 is divided by d?
37
Let s(n) be the second derivative of n**4/6 + n**3 - n. What is the remainder when ((-15)/((-135)/(-21)))/(2/(-12)) is divided by s(-4)?
6
Let k be (-2)/(-24)*3 + 46/8. Let f(y) = -y**3 + 8*y**2 - 11*y + 19. What is the remainder when f(k) is divided by 10?
5
Suppose -4*q = -12*q + 672. Calculate the remainder when q is divided by 17.
16
Suppose 7*z + 130 = 17*z. What is the remainder when z is divided by (-4)/14 - 58/(-7)?
5
Let w = 47 + -42. Suppose 2*s - f - 12 = 0, 4*s + f - 13 - w = 0. Calculate the remainder when s is divided by 4.
1
Suppose -3*o + 3*q - 9 = 0, -20 = -5*o - 0*q - 2*q. Suppose -4*j + 7 = 5*k - 2*k, -o*j + 4*k = -20. Calculate the remainder when 6 is divided by j.
2
Suppose -63 = -s + 2*r + r, -4*s = -4*r - 244. Let t(x) = x**2 + 61*x + 127. Calculate the remainder when s is divided by t(-2).
6
Suppose -49 - 215 = -12*g. What is the remainder when 57 is divided by g?
13
Suppose -8*u = -5*u + 126. Let c = u + 60. Calculate the remainder when c is divided by 14.
4
Let k(o) = -2*o**3 - 4*o**2 + 19*o + 16. Calculate the remainder when k(-5) is divided by 25.
21
Calculate the remainder when 4/(((-9)/(-48))/(6/4)) is divided by 17.
15
Let y(w) = w**3 + 60. Let b be y(0). Let m = b - 41. What is the remainder when 72 is divided by m?
15
Let r be ((-16)/6 + 1)/((-2)/(-42)). Let m = 230 - r. What is the remainder when m is divided by 38?
37
What is the remainder when 461 is divided by 1/(12 + 10283/(-858))?
65
Let k(t) = t**2 - 19*t - 259. What is the remainder when k(35) is divided by 126?
49
Suppose -108 - 178 = -11*p. Suppose 0 = 3*w - 101 - 46. What is the remainder when w is divided by p?
23
Suppose -8*o = -34 - 30. Suppose 4*j = 5*d - d - o, -2*j + 5 = d. Suppose d*x + 2*r = 3*r + 10, x = -5*r + 30. Calculate the remainder when x is divided by 3.
2
Let p = 240 - 165. Let f = -54 + p. What is the remainder when 82 is divided by f?
19
Let t = 54 - 81. Let w = 4 - t. Let j(q) = q**2 - q + 2. Calculate the remainder when w is divided by j(-2).
7
Suppose 0 = 5*o + 593 + 722. Let i = -172 - o. Calculate the remainder when i is divided by 46.
45
Let v be -3 + -2 + (-14)/(-2). What is the remainder when 70 is divided by (v/(-2))/(1/(-12))?
10
Let h(g) = 5*g + 2*g + 3*g + 1 + 2*g. Suppose 0*b - 51 = -b. Calculate the remainder when b is divided by h(1).
12
Suppose 0 = 13*f - 11*f - 22. Let a(m) = m + 11. Calculate the remainder when a(f) is divided by 6.
4
Let l = -9 + 6. Let a(v) = -5*v**2 - 6*v - 7. Let z be a(l). Let h = z - -70. Calculate the remainder when h is divided by 10.
6
Suppose 4*g + 3*l = -0*l, 0 = 2*g + 2*l. Suppose 0 = 3*c + 5*f - 16, -2*f + g*f = -5*c + 6. What is the remainder when -10*c*17/(-4) is divided by 29?
27
Let x = -5 + 11. Let m = 56 + -94. Let n = -17 - m. What is the remainder when n is divided by x?
3
Calculate the remainder when 142 is divided by (0 + 234/(-15))/(24/(-60)).
25
Suppose 77 = 31*r - 3519. Calculate the remainder when r is divided by 17.
14
Suppose g = 3*g - 6. Suppose -24 = u + g*u. Let h(p) = -2*p - 9. Calculate the remainder when 3 is divided by h(u).
0
Let j(p) = -p**3 - 7*p**2 + 3*p + 2. Suppose 5*b = 7*b + 16. Let m(d) = -2*d + 1. Calculate the remainder when j(b) is divided by m(-5).
9
Let r(x) = 1 - 2*x + 0*x - 7*x + 2*x. Let t be r(-1). Calculate the remainder when 4 is divided by (-64)/(-30) - t/60.
0
Let b = -230 - -239. Let m(w) = 3*w**2 + 5*w. Let c be m(-5). Let g = c - 24. Calculate the remainder when g is divided by b.
8
Suppose i = -z + 10, -z = -0*z + 5. Calculate the remainder when 39 is divided by 204/i + (-4)/(-10).
11
Suppose -x = 41 - 115. Suppose m + 4*b - x = 5, m = -b + 91. What is the remainder when m is divided by 24?
23
Let x = -61 + 87. Suppose -2*f = -f - 14. Suppose f = n + n. What is the remainder when x is divided by n?
5
Let x = 49 - 29. Suppose 8*c = -29 - 11. What is the remainder when x is divided by -1*(-13 + (-3 - c))?
9
Let j = -76 + 87. Let d = 8 + -5. What is the remainder when j is divided by d?
2
Let o = 6 + -11. Let v(y) = -8*y - 1. What is the remainder when v(o) is divided by (-14)/(((-2)/(-4))/((-1)/2))?
11
Let d(i) = -i**2 - 7*i - 8. Let p be d(-3). Suppose 0 = -a + 5*a + p*n - 24, a - 21 = -4*n. Calculate the remainder when 1 is divided by a.
0
Let f = 463 + -435. Calculate the remainder when f is divided by 18.
10
Let l = -8 - -12. Suppose 63 = l*b - 3*t, -b + 3*t + 33 = b. Let o = -111 - -167. What is the remainder when o is divided by b?
11
Let i = 66 + 6. What is the remainder when 140 is divided by i?
68
Suppose 19*s - 58*s + 2301 = 0. Calculate the remainder when s is divided by 12.
